{"id":388,"date":"2025-04-10T13:23:27","date_gmt":"2025-04-10T11:23:27","guid":{"rendered":"https:\/\/peinture-moderne.fr\/?page_id=388"},"modified":"2025-04-15T11:46:16","modified_gmt":"2025-04-15T09:46:16","slug":"peinture-exterieure-et-interieure","status":"publish","type":"page","link":"https:\/\/peinture-moderne.fr\/index.php\/peinture-exterieure-et-interieure\/","title":{"rendered":"Peinture"},"content":{"rendered":"\t\t<div data-elementor-type=\"wp-page\" data-elementor-id=\"388\" class=\"elementor elementor-388\">\n\t\t\t\t<div class=\"elementor-element elementor-element-e7b0b56 e-flex e-con-boxed wpr-particle-no wpr-jarallax-no wpr-parallax-no wpr-sticky-section-no e-con e-parent\" data-id=\"e7b0b56\" data-element_type=\"container\">\n\t\t\t\t\t<div class=\"e-con-inner\">\n\t\t\t\t<div class=\"elementor-element elementor-element-633e399 elementor-widget elementor-widget-heading\" data-id=\"633e399\" data-element_type=\"widget\" data-widget_type=\"heading.default\">\n\t\t\t\t<div class=\"elementor-widget-container\">\n\t\t\t\t\t<h2 class=\"elementor-heading-title elementor-size-default\">Peinture Ext\u00e9rieure et Int\u00e9rieure <\/h2>\t\t\t\t<\/div>\n\t\t\t\t<\/div>\n\t\t\t\t<div class=\"elementor-element elementor-element-c120408 elementor-widget elementor-widget-heading\" data-id=\"c120408\" data-element_type=\"widget\" data-widget_type=\"heading.default\">\n\t\t\t\t<div class=\"elementor-widget-container\">\n\t\t\t\t\t<h2 class=\"elementor-heading-title elementor-size-default\">Valorisez Votre Bien<\/h2>\t\t\t\t<\/div>\n\t\t\t\t<\/div>\n\t\t\t\t\t<\/div>\n\t\t\t\t<\/div>\n\t\t<div class=\"elementor-element elementor-element-7f5d078 e-flex e-con-boxed wpr-particle-no wpr-jarallax-no wpr-parallax-no wpr-sticky-section-no e-con e-parent\" data-id=\"7f5d078\" data-element_type=\"container\">\n\t\t\t\t\t<div class=\"e-con-inner\">\n\t\t<div class=\"elementor-element elementor-element-259a3b3 e-con-full e-flex wpr-particle-no wpr-jarallax-no wpr-parallax-no wpr-sticky-section-no e-con e-child\" data-id=\"259a3b3\" data-element_type=\"container\">\n\t\t\t\t<div class=\"elementor-element elementor-element-085b6b1 elementor-widget elementor-widget-text-editor\" data-id=\"085b6b1\" data-element_type=\"widget\" data-widget_type=\"text-editor.default\">\n\t\t\t\t<div class=\"elementor-widget-container\">\n\t\t\t\t\t\t\t\t\t<p>Transformez votre maison avec une\u00a0<strong>peinture de qualit\u00e9<\/strong>, qu\u2019elle soit\u00a0<strong>int\u00e9rieure ou ext\u00e9rieure<\/strong>\u00a0! Chez <span style=\"color: #13aff0;\">Peinture Moderne<\/span>\u00a0nous vous proposons des solutions esth\u00e9tiques, durables et adapt\u00e9es \u00e0 tous vos projets. D\u00e9couvrez les avantages d\u2019une bonne peinture et nos conseils pour un r\u00e9sultat parfait.<\/p>\t\t\t\t\t\t\t\t<\/div>\n\t\t\t\t<\/div>\n\t\t\t\t<div class=\"elementor-element elementor-element-399fa11 elementor-widget elementor-widget-image\" data-id=\"399fa11\" data-element_type=\"widget\" data-widget_type=\"image.default\">\n\t\t\t\t<div class=\"elementor-widget-container\">\n\t\t\t\t\t\t\t\t\t\t\t\t\t\t\t<img fetchpriority=\"high\" decoding=\"async\" width=\"1024\" height=\"667\" src=\"https:\/\/peinture-moderne.fr\/wp-content\/uploads\/2025\/04\/interior-painting-roller-1024x667.jpg\" class=\"attachment-large size-large wp-image-391\" alt=\"\" srcset=\"https:\/\/peinture-moderne.fr\/wp-content\/uploads\/2025\/04\/interior-painting-roller-1024x667.jpg 1024w, https:\/\/peinture-moderne.fr\/wp-content\/uploads\/2025\/04\/interior-painting-roller-300x196.jpg 300w, https:\/\/peinture-moderne.fr\/wp-content\/uploads\/2025\/04\/interior-painting-roller-768x500.jpg 768w, https:\/\/peinture-moderne.fr\/wp-content\/uploads\/2025\/04\/interior-painting-roller-1536x1001.jpg 1536w, https:\/\/peinture-moderne.fr\/wp-content\/uploads\/2025\/04\/interior-painting-roller-2048x1335.jpg 2048w\" sizes=\"(max-width: 1024px) 100vw, 1024px\" \/>\t\t\t\t\t\t\t\t\t\t\t\t\t\t\t<\/div>\n\t\t\t\t<\/div>\n\t\t\t\t<\/div>\n\t\t<div class=\"elementor-element elementor-element-fd2361f e-con-full e-flex wpr-particle-no wpr-jarallax-no wpr-parallax-no wpr-sticky-section-no e-con e-child\" data-id=\"fd2361f\" data-element_type=\"container\">\n\t\t\t\t<div class=\"elementor-element elementor-element-b57a952 elementor-widget elementor-widget-heading\" data-id=\"b57a952\" data-element_type=\"widget\" data-widget_type=\"heading.default\">\n\t\t\t\t<div class=\"elementor-widget-container\">\n\t\t\t\t\t<h2 class=\"elementor-heading-title elementor-size-default\">Pourquoi Choisir une Peinture Professionnelle ?<\/h2>\t\t\t\t<\/div>\n\t\t\t\t<\/div>\n\t\t\t\t<div class=\"elementor-element elementor-element-84586eb elementor-widget elementor-widget-heading\" data-id=\"84586eb\" data-element_type=\"widget\" data-widget_type=\"heading.default\">\n\t\t\t\t<div class=\"elementor-widget-container\">\n\t\t\t\t\t<h2 class=\"elementor-heading-title elementor-size-default\">1. Esth\u00e9tique & Personnalisation<\/h2>\t\t\t\t<\/div>\n\t\t\t\t<\/div>\n\t\t\t\t<div class=\"elementor-element elementor-element-cf213c9 elementor-widget elementor-widget-text-editor\" data-id=\"cf213c9\" data-element_type=\"widget\" data-widget_type=\"text-editor.default\">\n\t\t\t\t<div class=\"elementor-widget-container\">\n\t\t\t\t\t\t\t\t\t<ul><li><strong>Peinture int\u00e9rieure<\/strong>\u00a0: Donnez du caract\u00e8re \u00e0 vos pi\u00e8ces avec des couleurs tendances, des finitions mates ou brillantes, et des effets d\u00e9coratifs.<\/li><li><strong>Peinture ext\u00e9rieure<\/strong>\u00a0: Prot\u00e9gez et embellissez votre fa\u00e7ade avec des teuvres r\u00e9sistantes aux intemp\u00e9ries.<\/li><\/ul>\t\t\t\t\t\t\t\t<\/div>\n\t\t\t\t<\/div>\n\t\t\t\t<div class=\"elementor-element elementor-element-cc7985d elementor-widget elementor-widget-heading\" data-id=\"cc7985d\" data-element_type=\"widget\" data-widget_type=\"heading.default\">\n\t\t\t\t<div class=\"elementor-widget-container\">\n\t\t\t\t\t<h2 class=\"elementor-heading-title elementor-size-default\">2. Protection contre les Aggressions Ext\u00e9rieures<\/h2>\t\t\t\t<\/div>\n\t\t\t\t<\/div>\n\t\t\t\t<div class=\"elementor-element elementor-element-451947f elementor-widget elementor-widget-text-editor\" data-id=\"451947f\" data-element_type=\"widget\" data-widget_type=\"text-editor.default\">\n\t\t\t\t<div class=\"elementor-widget-container\">\n\t\t\t\t\t\t\t\t\t<ul><li><strong>Pour l\u2019ext\u00e9rieur<\/strong>\u00a0: Une peinture adapt\u00e9e r\u00e9siste aux UV, \u00e0 la pluie, au gel et aux pollutions, prolongeant la dur\u00e9e de vie de vos murs.<\/li><li><strong>Pour l\u2019int\u00e9rieur<\/strong>\u00a0: Certaines peintures anti-humidit\u00e9 ou lavables prot\u00e8gent vos surfaces des taches et de l\u2019usure.<\/li><\/ul>\t\t\t\t\t\t\t\t<\/div>\n\t\t\t\t<\/div>\n\t\t\t\t<div class=\"elementor-element elementor-element-b1c2911 elementor-widget elementor-widget-heading\" data-id=\"b1c2911\" data-element_type=\"widget\" data-widget_type=\"heading.default\">\n\t\t\t\t<div class=\"elementor-widget-container\">\n\t\t\t\t\t<h2 class=\"elementor-heading-title elementor-size-default\">3. Des Produits \u00c9cologiques et Sain<\/h2>\t\t\t\t<\/div>\n\t\t\t\t<\/div>\n\t\t\t\t<div class=\"elementor-element elementor-element-2405bd6 elementor-widget elementor-widget-text-editor\" data-id=\"2405bd6\" data-element_type=\"widget\" data-widget_type=\"text-editor.default\">\n\t\t\t\t<div class=\"elementor-widget-container\">\n\t\t\t\t\t\t\t\t\t<p>Optez pour des peintures\u00a0<strong>low VOC<\/strong>\u00a0(faibles en COV) ou naturelles, meilleures pour la sant\u00e9 et l\u2019environnement, tout en offrant une excellente couvrance.<\/p>\t\t\t\t\t\t\t\t<\/div>\n\t\t\t\t<\/div>\n\t\t\t\t<div class=\"elementor-element elementor-element-bf64657 elementor-widget elementor-widget-heading\" data-id=\"bf64657\" data-element_type=\"widget\" data-widget_type=\"heading.default\">\n\t\t\t\t<div class=\"elementor-widget-container\">\n\t\t\t\t\t<h2 class=\"elementor-heading-title elementor-size-default\">4. Une Solution \u00c9conomique<\/h2>\t\t\t\t<\/div>\n\t\t\t\t<\/div>\n\t\t\t\t<div class=\"elementor-element elementor-element-c7bdc4d elementor-widget elementor-widget-text-editor\" data-id=\"c7bdc4d\" data-element_type=\"widget\" data-widget_type=\"text-editor.default\">\n\t\t\t\t<div class=\"elementor-widget-container\">\n\t\t\t\t\t\t\t\t\t<p>Contrairement \u00e0 d\u2019autres r\u00e9novations co\u00fbteuses, la peinture est une solution\u00a0<strong>abordable<\/strong>\u00a0pour redonner un coup de neuf \u00e0 votre int\u00e9rieur ou fa\u00e7ade.<\/p>\t\t\t\t\t\t\t\t<\/div>\n\t\t\t\t<\/div>\n\t\t\t\t<div class=\"elementor-element elementor-element-b0d8668 elementor-align-left elementor-widget elementor-widget-button\" data-id=\"b0d8668\" data-element_type=\"widget\" data-widget_type=\"button.default\">\n\t\t\t\t<div class=\"elementor-widget-container\">\n\t\t\t\t\t\t\t\t\t<div class=\"elementor-button-wrapper\">\n\t\t\t\t\t<a class=\"elementor-button elementor-button-link elementor-size-sm elementor-animation-grow\" href=\"https:\/\/peinture-moderne.fr\/index.php\/contact\/\">\n\t\t\t\t\t\t<span class=\"elementor-button-content-wrapper\">\n\t\t\t\t\t\t\t\t\t<span class=\"elementor-button-text\">DEVIS GRATUIT<\/span>\n\t\t\t\t\t<\/span>\n\t\t\t\t\t<\/a>\n\t\t\t\t<\/div>\n\t\t\t\t\t\t\t\t<\/div>\n\t\t\t\t<\/div>\n\t\t\t\t<\/div>\n\t\t\t\t\t<\/div>\n\t\t\t\t<\/div>\n\t\t<div class=\"elementor-element elementor-element-78c5a58 e-con-full e-flex wpr-particle-no wpr-jarallax-no wpr-parallax-no wpr-sticky-section-no e-con e-parent\" data-id=\"78c5a58\" data-element_type=\"container\">\n\t\t\t\t<div class=\"elementor-element elementor-element-ffbdd49 elementor-arrows-position-inside elementor-pagination-position-outside elementor-widget elementor-widget-image-carousel\" data-id=\"ffbdd49\" data-element_type=\"widget\" data-settings=\"{&quot;navigation&quot;:&quot;both&quot;,&quot;autoplay&quot;:&quot;yes&quot;,&quot;pause_on_hover&quot;:&quot;yes&quot;,&quot;pause_on_interaction&quot;:&quot;yes&quot;,&quot;autoplay_speed&quot;:5000,&quot;infinite&quot;:&quot;yes&quot;,&quot;speed&quot;:500}\" data-widget_type=\"image-carousel.default\">\n\t\t\t\t<div class=\"elementor-widget-container\">\n\t\t\t\t\t\t\t<div class=\"elementor-image-carousel-wrapper swiper\" role=\"region\" aria-roledescription=\"carousel\" aria-label=\"Carrousel d\u2019images\" dir=\"ltr\">\n\t\t\t<div class=\"elementor-image-carousel swiper-wrapper\" aria-live=\"off\">\n\t\t\t\t\t\t\t\t<div class=\"swiper-slide\" role=\"group\" aria-roledescription=\"slide\" aria-label=\"1 sur 3\"><figure class=\"swiper-slide-inner\"><img decoding=\"async\" class=\"swiper-slide-image\" src=\"https:\/\/peinture-moderne.fr\/wp-content\/uploads\/2025\/04\/489629376_981391757309184_795106187635082189_n-600x600.jpg\" alt=\"DCIM100MEDIADJI_0322.JPG\" \/><\/figure><\/div><div class=\"swiper-slide\" role=\"group\" aria-roledescription=\"slide\" aria-label=\"2 sur 3\"><figure class=\"swiper-slide-inner\"><img decoding=\"async\" class=\"swiper-slide-image\" src=\"https:\/\/peinture-moderne.fr\/wp-content\/uploads\/2025\/04\/489414419_981391603975866_1876621151487116515_n-600x600.jpg\" alt=\"DCIM100MEDIADJI_0288.JPG\" \/><\/figure><\/div><div class=\"swiper-slide\" role=\"group\" aria-roledescription=\"slide\" aria-label=\"3 sur 3\"><figure class=\"swiper-slide-inner\"><img decoding=\"async\" class=\"swiper-slide-image\" src=\"https:\/\/peinture-moderne.fr\/wp-content\/uploads\/2025\/04\/489617945_981391737309186_553993409767095289_n-600x600.jpg\" alt=\"DCIM100MEDIADJI_0320.JPG\" \/><\/figure><\/div>\t\t\t<\/div>\n\t\t\t\t\t\t\t\t\t\t\t\t<div class=\"elementor-swiper-button elementor-swiper-button-prev\" role=\"button\" tabindex=\"0\">\n\t\t\t\t\t\t<svg aria-hidden=\"true\" class=\"e-font-icon-svg e-eicon-chevron-left\" viewBox=\"0 0 1000 1000\" xmlns=\"http:\/\/www.w3.org\/2000\/svg\"><path d=\"M646 125C629 125 613 133 604 142L308 442C296 454 292 471 292 487 292 504 296 521 308 533L604 854C617 867 629 875 646 875 663 875 679 871 692 858 704 846 713 829 713 812 713 796 708 779 692 767L438 487 692 225C700 217 708 204 708 187 708 171 704 154 692 142 675 129 663 125 646 125Z\"><\/path><\/svg>\t\t\t\t\t<\/div>\n\t\t\t\t\t<div class=\"elementor-swiper-button elementor-swiper-button-next\" role=\"button\" tabindex=\"0\">\n\t\t\t\t\t\t<svg aria-hidden=\"true\" class=\"e-font-icon-svg e-eicon-chevron-right\" viewBox=\"0 0 1000 1000\" xmlns=\"http:\/\/www.w3.org\/2000\/svg\"><path d=\"M696 533C708 521 713 504 713 487 713 471 708 454 696 446L400 146C388 133 375 125 354 125 338 125 325 129 313 142 300 154 292 171 292 187 292 204 296 221 308 233L563 492 304 771C292 783 288 800 288 817 288 833 296 850 308 863 321 871 338 875 354 875 371 875 388 867 400 854L696 533Z\"><\/path><\/svg>\t\t\t\t\t<\/div>\n\t\t\t\t\n\t\t\t\t\t\t\t\t\t<div class=\"swiper-pagination\"><\/div>\n\t\t\t\t\t\t\t\t\t<\/div>\n\t\t\t\t\t\t<\/div>\n\t\t\t\t<\/div>\n\t\t\t\t<\/div>\n\t\t\t\t<\/div>\n\t\t","protected":false},"excerpt":{"rendered":"<p>Peinture Ext\u00e9rieure et Int\u00e9rieure Valorisez Votre Bien Transformez votre maison avec une\u00a0peinture de qualit\u00e9, qu\u2019elle soit\u00a0int\u00e9rieure ou ext\u00e9rieure\u00a0! Chez Peinture Moderne\u00a0nous vous proposons des solutions esth\u00e9tiques, durables et adapt\u00e9es \u00e0 tous vos projets. D\u00e9couvrez les avantages d\u2019une bonne peinture et nos conseils pour un r\u00e9sultat parfait. Pourquoi Choisir une Peinture Professionnelle ? 1. Esth\u00e9tique &#038; Personnalisation Peinture int\u00e9rieure\u00a0: Donnez du caract\u00e8re \u00e0 vos pi\u00e8ces avec des couleurs tendances, des finitions mates ou brillantes, et des effets d\u00e9coratifs. Peinture ext\u00e9rieure\u00a0: Prot\u00e9gez et embellissez votre fa\u00e7ade avec des teuvres r\u00e9sistantes aux intemp\u00e9ries. 2. Protection contre les Aggressions Ext\u00e9rieures Pour l\u2019ext\u00e9rieur\u00a0: Une peinture adapt\u00e9e r\u00e9siste aux UV, \u00e0 la pluie, au gel et aux pollutions, prolongeant la dur\u00e9e de vie de vos murs. Pour l\u2019int\u00e9rieur\u00a0: Certaines peintures anti-humidit\u00e9 ou lavables prot\u00e8gent vos surfaces des taches et de l\u2019usure. 3. Des Produits \u00c9cologiques et Sain Optez pour des peintures\u00a0low VOC\u00a0(faibles en COV) ou naturelles, meilleures pour la sant\u00e9 et l\u2019environnement, tout en offrant une excellente couvrance. 4. Une Solution \u00c9conomique Contrairement \u00e0 d\u2019autres r\u00e9novations co\u00fbteuses, la peinture est une solution\u00a0abordable\u00a0pour redonner un coup de neuf \u00e0 votre int\u00e9rieur ou fa\u00e7ade. DEVIS GRATUIT<\/p>\n","protected":false},"author":1,"featured_media":0,"parent":0,"menu_order":0,"comment_status":"closed","ping_status":"closed","template":"elementor_header_footer","meta":{"footnotes":""},"class_list":["post-388","page","type-page","status-publish","hentry","entry"],"_links":{"self":[{"href":"https:\/\/peinture-moderne.fr\/index.php\/wp-json\/wp\/v2\/pages\/388","targetHints":{"allow":["GET"]}}],"collection":[{"href":"https:\/\/peinture-moderne.fr\/index.php\/wp-json\/wp\/v2\/pages"}],"about":[{"href":"https:\/\/peinture-moderne.fr\/index.php\/wp-json\/wp\/v2\/types\/page"}],"author":[{"embeddable":true,"href":"https:\/\/peinture-moderne.fr\/index.php\/wp-json\/wp\/v2\/users\/1"}],"replies":[{"embeddable":true,"href":"https:\/\/peinture-moderne.fr\/index.php\/wp-json\/wp\/v2\/comments?post=388"}],"version-history":[{"count":23,"href":"https:\/\/peinture-moderne.fr\/index.php\/wp-json\/wp\/v2\/pages\/388\/revisions"}],"predecessor-version":[{"id":667,"href":"https:\/\/peinture-moderne.fr\/index.php\/wp-json\/wp\/v2\/pages\/388\/revisions\/667"}],"wp:attachment":[{"href":"https:\/\/peinture-moderne.fr\/index.php\/wp-json\/wp\/v2\/media?parent=388"}],"curies":[{"name":"wp","href":"https:\/\/api.w.org\/{rel}","templated":true}]}}