{"id":325,"date":"2025-04-09T14:26:03","date_gmt":"2025-04-09T12:26:03","guid":{"rendered":"https:\/\/peinture-moderne.fr\/?page_id=325"},"modified":"2025-04-15T11:27:45","modified_gmt":"2025-04-15T09:27:45","slug":"crepi-projete-et-crepi-grese","status":"publish","type":"page","link":"https:\/\/peinture-moderne.fr\/index.php\/crepi-projete-et-crepi-grese\/","title":{"rendered":"Cr\u00e9pi"},"content":{"rendered":"\t\t<div data-elementor-type=\"wp-page\" data-elementor-id=\"325\" class=\"elementor elementor-325\">\n\t\t\t\t<div class=\"elementor-element elementor-element-4345e92 e-flex e-con-boxed wpr-particle-no wpr-jarallax-no wpr-parallax-no wpr-sticky-section-no e-con e-parent\" data-id=\"4345e92\" data-element_type=\"container\">\n\t\t\t\t\t<div class=\"e-con-inner\">\n\t\t\t\t<div class=\"elementor-element elementor-element-27d2fe7 elementor-widget elementor-widget-heading\" data-id=\"27d2fe7\" data-element_type=\"widget\" data-widget_type=\"heading.default\">\n\t\t\t\t<div class=\"elementor-widget-container\">\n\t\t\t\t\t<h2 class=\"elementor-heading-title elementor-size-default\">Cr\u00e9pi Projet\u00e9 et Cr\u00e9pi Gr\u00e9s\u00e9<\/h2>\t\t\t\t<\/div>\n\t\t\t\t<\/div>\n\t\t\t\t<div class=\"elementor-element elementor-element-771cab5 elementor-widget elementor-widget-heading\" data-id=\"771cab5\" data-element_type=\"widget\" data-widget_type=\"heading.default\">\n\t\t\t\t<div class=\"elementor-widget-container\">\n\t\t\t\t\t<h2 class=\"elementor-heading-title elementor-size-default\">Esth\u00e9tique et Protection<\/h2>\t\t\t\t<\/div>\n\t\t\t\t<\/div>\n\t\t\t\t\t<\/div>\n\t\t\t\t<\/div>\n\t\t<div class=\"elementor-element elementor-element-85e2d2d e-flex e-con-boxed wpr-particle-no wpr-jarallax-no wpr-parallax-no wpr-sticky-section-no e-con e-parent\" data-id=\"85e2d2d\" data-element_type=\"container\">\n\t\t\t\t\t<div class=\"e-con-inner\">\n\t\t<div class=\"elementor-element elementor-element-c41ab4d e-con-full e-flex wpr-particle-no wpr-jarallax-no wpr-parallax-no wpr-sticky-section-no e-con e-child\" data-id=\"c41ab4d\" data-element_type=\"container\">\n\t\t\t\t<div class=\"elementor-element elementor-element-90a26be elementor-widget elementor-widget-heading\" data-id=\"90a26be\" data-element_type=\"widget\" data-widget_type=\"heading.default\">\n\t\t\t\t<div class=\"elementor-widget-container\">\n\t\t\t\t\t<h2 class=\"elementor-heading-title elementor-size-default\">Le Cr\u00e9pi Projet\u00e9 : Rapidit\u00e9 et Uniformit\u00e9<\/h2>\t\t\t\t<\/div>\n\t\t\t\t<\/div>\n\t\t\t\t<div class=\"elementor-element elementor-element-66dcd87 elementor-widget elementor-widget-text-editor\" data-id=\"66dcd87\" data-element_type=\"widget\" data-widget_type=\"text-editor.default\">\n\t\t\t\t<div class=\"elementor-widget-container\">\n\t\t\t\t\t\t\t\t\t<p><strong>Technique<\/strong>\u00a0: Appliqu\u00e9 m\u00e9caniquement sous pression pour un rendu lisse ou structur\u00e9.<br \/><strong>Avantages<\/strong>\u00a0:<\/p><ul><li><p>Pose rapide, id\u00e9ale pour les grandes surfaces<\/p><\/li><li><p>Excellente adh\u00e9rence et r\u00e9sistance aux intemp\u00e9ries<\/p><\/li><li><p>Finition uniforme (disponible en diff\u00e9rents grains)<\/p><\/li><\/ul><p><strong>Utilisation<\/strong>\u00a0: Maisons modernes, ravalements de copropri\u00e9t\u00e9s, b\u00e2timents neufs.<\/p>\t\t\t\t\t\t\t\t<\/div>\n\t\t\t\t<\/div>\n\t\t\t\t<div class=\"elementor-element elementor-element-7928969 elementor-widget elementor-widget-heading\" data-id=\"7928969\" data-element_type=\"widget\" data-widget_type=\"heading.default\">\n\t\t\t\t<div class=\"elementor-widget-container\">\n\t\t\t\t\t<h2 class=\"elementor-heading-title elementor-size-default\">Le Cr\u00e9pi Gr\u00e9s\u00e9 : Esth\u00e9tique et Personnalisation<\/h2>\t\t\t\t<\/div>\n\t\t\t\t<\/div>\n\t\t\t\t<div class=\"elementor-element elementor-element-3d9f2dd elementor-widget elementor-widget-text-editor\" data-id=\"3d9f2dd\" data-element_type=\"widget\" data-widget_type=\"text-editor.default\">\n\t\t\t\t<div class=\"elementor-widget-container\">\n\t\t\t\t\t\t\t\t\t<p><strong>Technique<\/strong>\u00a0: Appliqu\u00e9 manuellement et travaill\u00e9 pour un effet \u00ab\u00a0gratt\u00e9\u00a0\u00bb ou textur\u00e9.<br \/><strong>Avantages<\/strong>\u00a0:<\/p><ul><li><p>Rendus d\u00e9coratifs (styles rustique, contemporain ou traditionnel)<\/p><\/li><li><p>Masque les imperfections des murs<\/p><\/li><li><p>R\u00e9sistance accrue gr\u00e2ce \u00e0 sa compacit\u00e9<\/p><\/li><\/ul><p><strong>Utilisation<\/strong>\u00a0: R\u00e9novation de maisons anciennes, d\u00e9coration de fa\u00e7ade, effets architecturaux.<\/p>\t\t\t\t\t\t\t\t<\/div>\n\t\t\t\t<\/div>\n\t\t\t\t<div class=\"elementor-element elementor-element-690c3c2 elementor-align-left elementor-widget elementor-widget-button\" data-id=\"690c3c2\" data-element_type=\"widget\" data-widget_type=\"button.default\">\n\t\t\t\t<div class=\"elementor-widget-container\">\n\t\t\t\t\t\t\t\t\t<div class=\"elementor-button-wrapper\">\n\t\t\t\t\t<a class=\"elementor-button elementor-button-link elementor-size-sm elementor-animation-grow\" href=\"https:\/\/peinture-moderne.fr\/index.php\/contact\/\">\n\t\t\t\t\t\t<span class=\"elementor-button-content-wrapper\">\n\t\t\t\t\t\t\t\t\t<span class=\"elementor-button-text\">DEVIS GRATUIT<\/span>\n\t\t\t\t\t<\/span>\n\t\t\t\t\t<\/a>\n\t\t\t\t<\/div>\n\t\t\t\t\t\t\t\t<\/div>\n\t\t\t\t<\/div>\n\t\t\t\t<\/div>\n\t\t<div class=\"elementor-element elementor-element-79728a1 e-con-full e-flex wpr-particle-no wpr-jarallax-no wpr-parallax-no wpr-sticky-section-no e-con e-child\" data-id=\"79728a1\" data-element_type=\"container\">\n\t\t\t\t<div class=\"elementor-element elementor-element-bb847d5 elementor-widget elementor-widget-wpr-before-after\" data-id=\"bb847d5\" data-element_type=\"widget\" data-widget_type=\"wpr-before-after.default\">\n\t\t\t\t<div class=\"elementor-widget-container\">\n\t\t\t\t\t<div class=\"wpr-ba-image-container wpr-ba-horizontal wpr-ba-labels-default\" data-position=\"50\" data-trigger=\"drag\"><div class=\"wpr-ba-image-1\"><img decoding=\"async\" src=\"https:\/\/peinture-moderne.fr\/wp-content\/uploads\/2025\/04\/474680868_929311602517200_2041586624951901300_n.jpg\"><\/div><div class=\"wpr-ba-image-2\"><img decoding=\"async\" src=\"https:\/\/peinture-moderne.fr\/wp-content\/uploads\/2025\/04\/474667152_929311885850505_7445314702514689952_n.jpg\"><\/div><div class=\"wpr-ba-divider\"><div class=\"wpr-ba-divider-icons\"><i class=\"fa fa-angle-left\"><\/i><i class=\"fa fa-angle-right\"><\/i><\/div><\/div><div class=\"wpr-ba-label wpr-ba-label-1\"><div>Avant<\/div><\/div><div class=\"wpr-ba-label wpr-ba-label-2\"><div>Apr\u00e8s<\/div><\/div><\/div>\t\t\t\t<\/div>\n\t\t\t\t<\/div>\n\t\t\t\t<\/div>\n\t\t\t\t\t<\/div>\n\t\t\t\t<\/div>\n\t\t<div class=\"elementor-element elementor-element-06fa0c9 e-con-full e-flex wpr-particle-no wpr-jarallax-no wpr-parallax-no wpr-sticky-section-no e-con e-parent\" data-id=\"06fa0c9\" data-element_type=\"container\">\n\t\t\t\t<div class=\"elementor-element elementor-element-d7ab6e6 elementor-arrows-position-inside elementor-pagination-position-outside elementor-widget elementor-widget-image-carousel\" data-id=\"d7ab6e6\" data-element_type=\"widget\" data-settings=\"{&quot;slides_to_show_mobile&quot;:&quot;1&quot;,&quot;navigation&quot;:&quot;both&quot;,&quot;autoplay&quot;:&quot;yes&quot;,&quot;pause_on_hover&quot;:&quot;yes&quot;,&quot;pause_on_interaction&quot;:&quot;yes&quot;,&quot;autoplay_speed&quot;:5000,&quot;infinite&quot;:&quot;yes&quot;,&quot;speed&quot;:500}\" data-widget_type=\"image-carousel.default\">\n\t\t\t\t<div class=\"elementor-widget-container\">\n\t\t\t\t\t\t\t<div class=\"elementor-image-carousel-wrapper swiper\" role=\"region\" aria-roledescription=\"carousel\" aria-label=\"Carrousel d\u2019images\" dir=\"ltr\">\n\t\t\t<div class=\"elementor-image-carousel swiper-wrapper\" aria-live=\"off\">\n\t\t\t\t\t\t\t\t<div class=\"swiper-slide\" role=\"group\" aria-roledescription=\"slide\" aria-label=\"1 sur 3\"><figure class=\"swiper-slide-inner\"><img decoding=\"async\" class=\"swiper-slide-image\" src=\"https:\/\/peinture-moderne.fr\/wp-content\/uploads\/2025\/04\/475122572_930826935699000_3003358631329453226_n-600x600.jpg\" alt=\"DCIM100MEDIADJI_0130.JPG\" \/><\/figure><\/div><div class=\"swiper-slide\" role=\"group\" aria-roledescription=\"slide\" aria-label=\"2 sur 3\"><figure class=\"swiper-slide-inner\"><img decoding=\"async\" class=\"swiper-slide-image\" src=\"https:\/\/peinture-moderne.fr\/wp-content\/uploads\/2025\/04\/489643536_982885177159842_6055465411724245926_n-600x600.jpg\" alt=\"DCIM100MEDIADJI_0324.JPG\" \/><\/figure><\/div><div class=\"swiper-slide\" role=\"group\" aria-roledescription=\"slide\" aria-label=\"3 sur 3\"><figure class=\"swiper-slide-inner\"><img decoding=\"async\" class=\"swiper-slide-image\" src=\"https:\/\/peinture-moderne.fr\/wp-content\/uploads\/2025\/04\/473573523_923728599742167_3819805440280173912_n-600x600.jpg\" alt=\"473573523_923728599742167_3819805440280173912_n\" \/><\/figure><\/div>\t\t\t<\/div>\n\t\t\t\t\t\t\t\t\t\t\t\t<div class=\"elementor-swiper-button elementor-swiper-button-prev\" role=\"button\" tabindex=\"0\">\n\t\t\t\t\t\t<svg aria-hidden=\"true\" class=\"e-font-icon-svg e-eicon-chevron-left\" viewBox=\"0 0 1000 1000\" xmlns=\"http:\/\/www.w3.org\/2000\/svg\"><path d=\"M646 125C629 125 613 133 604 142L308 442C296 454 292 471 292 487 292 504 296 521 308 533L604 854C617 867 629 875 646 875 663 875 679 871 692 858 704 846 713 829 713 812 713 796 708 779 692 767L438 487 692 225C700 217 708 204 708 187 708 171 704 154 692 142 675 129 663 125 646 125Z\"><\/path><\/svg>\t\t\t\t\t<\/div>\n\t\t\t\t\t<div class=\"elementor-swiper-button elementor-swiper-button-next\" role=\"button\" tabindex=\"0\">\n\t\t\t\t\t\t<svg aria-hidden=\"true\" class=\"e-font-icon-svg e-eicon-chevron-right\" viewBox=\"0 0 1000 1000\" xmlns=\"http:\/\/www.w3.org\/2000\/svg\"><path d=\"M696 533C708 521 713 504 713 487 713 471 708 454 696 446L400 146C388 133 375 125 354 125 338 125 325 129 313 142 300 154 292 171 292 187 292 204 296 221 308 233L563 492 304 771C292 783 288 800 288 817 288 833 296 850 308 863 321 871 338 875 354 875 371 875 388 867 400 854L696 533Z\"><\/path><\/svg>\t\t\t\t\t<\/div>\n\t\t\t\t\n\t\t\t\t\t\t\t\t\t<div class=\"swiper-pagination\"><\/div>\n\t\t\t\t\t\t\t\t\t<\/div>\n\t\t\t\t\t\t<\/div>\n\t\t\t\t<\/div>\n\t\t\t\t<\/div>\n\t\t\t\t<\/div>\n\t\t","protected":false},"excerpt":{"rendered":"<p>Cr\u00e9pi Projet\u00e9 et Cr\u00e9pi Gr\u00e9s\u00e9 Esth\u00e9tique et Protection Le Cr\u00e9pi Projet\u00e9 : Rapidit\u00e9 et Uniformit\u00e9 Technique\u00a0: Appliqu\u00e9 m\u00e9caniquement sous pression pour un rendu lisse ou structur\u00e9.Avantages\u00a0: Pose rapide, id\u00e9ale pour les grandes surfaces Excellente adh\u00e9rence et r\u00e9sistance aux intemp\u00e9ries Finition uniforme (disponible en diff\u00e9rents grains) Utilisation\u00a0: Maisons modernes, ravalements de copropri\u00e9t\u00e9s, b\u00e2timents neufs. Le Cr\u00e9pi Gr\u00e9s\u00e9 : Esth\u00e9tique et Personnalisation Technique\u00a0: Appliqu\u00e9 manuellement et travaill\u00e9 pour un effet \u00ab\u00a0gratt\u00e9\u00a0\u00bb ou textur\u00e9.Avantages\u00a0: Rendus d\u00e9coratifs (styles rustique, contemporain ou traditionnel) Masque les imperfections des murs R\u00e9sistance accrue gr\u00e2ce \u00e0 sa compacit\u00e9 Utilisation\u00a0: R\u00e9novation de maisons anciennes, d\u00e9coration de fa\u00e7ade, effets architecturaux. DEVIS GRATUIT AvantApr\u00e8s<\/p>\n","protected":false},"author":1,"featured_media":0,"parent":0,"menu_order":0,"comment_status":"closed","ping_status":"closed","template":"elementor_header_footer","meta":{"footnotes":""},"class_list":["post-325","page","type-page","status-publish","hentry","entry"],"_links":{"self":[{"href":"https:\/\/peinture-moderne.fr\/index.php\/wp-json\/wp\/v2\/pages\/325","targetHints":{"allow":["GET"]}}],"collection":[{"href":"https:\/\/peinture-moderne.fr\/index.php\/wp-json\/wp\/v2\/pages"}],"about":[{"href":"https:\/\/peinture-moderne.fr\/index.php\/wp-json\/wp\/v2\/types\/page"}],"author":[{"embeddable":true,"href":"https:\/\/peinture-moderne.fr\/index.php\/wp-json\/wp\/v2\/users\/1"}],"replies":[{"embeddable":true,"href":"https:\/\/peinture-moderne.fr\/index.php\/wp-json\/wp\/v2\/comments?post=325"}],"version-history":[{"count":32,"href":"https:\/\/peinture-moderne.fr\/index.php\/wp-json\/wp\/v2\/pages\/325\/revisions"}],"predecessor-version":[{"id":656,"href":"https:\/\/peinture-moderne.fr\/index.php\/wp-json\/wp\/v2\/pages\/325\/revisions\/656"}],"wp:attachment":[{"href":"https:\/\/peinture-moderne.fr\/index.php\/wp-json\/wp\/v2\/media?parent=325"}],"curies":[{"name":"wp","href":"https:\/\/api.w.org\/{rel}","templated":true}]}}